ivided by w.
3
Suppose 5*v = s - 3, -4*v - 2*s = 2*s - 12. Suppose v = -0*f + f + 1. Let r = f - -8. What is the remainder when r is divided by 4?
3
Suppose -j + 14 = 3*v - 0*v, 4*j - 4*v - 24 = 0. Calculate the remainder when j is divided by (-2 - -4) + -2 - -5.
3
Suppose 0 = 3*k - 2*y - 0*y - 107, 180 = 5*k - 5*y. What is the remainder when k is divided by 6/4*(-76)/(-6)?
16
Let q be ((-10)/(-6))/((-2)/60). Suppose -5*f - 639 = 4*f. Let g = q - f. What is the remainder when 62 is divided by g?
20
Let h(s) = -5*s - 14. What is the remainder when 17 is divided by h(-5)?
6
Let r(w) = -w + 10. Suppose -5*q = -4*u + 17, -4*u + 6 = 3*q - 3. What is the remainder when u is divided by r(8)?
1
Let t be (-1)/(-1)*(3 + 7). Suppose -2*z = -0*z - t. Let k = -8 + 11. Calculate the remainder when z is divided by k.
2
Suppose 1 = 5*o + 6, 5 = n - 2*o. Suppose n*q - 74 = 1. What is the remainder when 98 is divided by q?
23
Suppose -o + 0 = u - 4, 8 = 2*u + 3*o. Suppose 0 = u*i - 2*i - 64. What is the remainder when i is divided by 11?
10
Let t = 9 + -6. Suppose t*s = 109 + 26. What is the remainder when 16 is divided by s/6*(-8)/(-10)?
4
Suppose 0 = h - 15 + 1. What is the remainder when (-11)/((-77)/434) - 8 is divided by h?
12
Suppose a - 1 = 2*a - 3*n, 4*n = 8. Suppose -a*d + 44 = -d. Calculate the remainder when 31 is divided by d.
9
Suppose -4*g + 38 = 2*f - 0*f, 4*f = 2*g + 86. What is the remainder when f is divided by 12?
9
Suppose -f - 16 = f. Let a = 28 - -2. Let x = f + a. Calculate the remainder when x is divided by 12.
10
Let b = 20 + 14. Suppose 4*a = -3*l + 201, a + 4*l = -0*a + b. What is the remainder when a is divided by 19?
16
Suppose 0*u - 34 = 2*u + 4*a, -3*u - 87 = -3*a. Let w = u + 35. Calculate the remainder when w is divided by 4.
2
What is the remainder when 21 is divided by (30/(-5))/(-2) - -4?
0
Let i(t) = 5*t**2 - t. Calculate the remainder when i(1) is divided by 2.
0
Suppose -18*i = -22*i + 144. Calculate the remainder when i is divided by 13.
10
Suppose 0 = -g - 3*g. Suppose g = -4*o, -5*b = -4*o + 26 - 216. What is the remainder when b is divided by 10?
8
Let t(u) = 3*u + 37. What is the remainder when 74 is divided by t(-6)?
17
Let r(s) = 10*s**3 - s + 1. Let v be r(1). Suppose -2*a = -a - v. Let q = -29 + 47. Calculate the remainder when q is divided by a.
8
Let v(u) = -8*u - 7. What is the remainder when v(-6) is divided by -5 - -1 - (-35 - 130/(-13))?
20
Let l(b) = -b + 3. Suppose -2 = 3*a - 5. Let m(k) = 7*k**2 + 2*k - 1. What is the remainder when m(a) is divided by l(0)?
2
Let s = 38 - -2. Suppose -2*c + r + 27 = 0, 2*c = 7*c - 3*r - 67. Calculate the remainder when s is divided by c.
12
Suppose 322 + 138 = -2*r - 2*o, -238 = r - o. What is the remainder when r/(-10) + (-8)/20 is divided by 6?
5
What is the remainder when (1/(-1))/(3/(-138)) is divided by 16?
14
Suppose 16 = -5*q + 9*q. Let u(r) = r**2 - 2*r + 2. Calculate the remainder when 76/(-6)*(-3 - 0) is divided by u(q).
8
Calculate the remainder when 13 is divided by ((-14)/35)/((-4)/50).
3
Let d(x) = x + 13. Suppose 0*t + t = 5*v - 4, 5*v = -5. Calculate the remainder when d(t) is divided by 2.
0
Suppose -3*z = -0*z - 6. Suppose z*w = w. Suppose w = f - 21 + 8. What is the remainder when 24 is divided by f?
11
Suppose 37 + 23 = 3*p. What is the remainder when p is divided by 7?
6
Let m(z) = -2*z - 6. Let q be m(-4). Suppose -5*r - 130 = -5*a, -108 = -4*a - q*r + 4*r. Calculate the remainder when 83 is divided by a.
27
Suppose 5*g + 4*b - 156 = 0, g + 0*b - 2*b = 34. Let n = g - 15. Calculate the remainder when 65 is divided by n.
14
Suppose -3*n + n = 10. Let b = n + 7. Calculate the remainder when 3 is divided by b.
1
Suppose -2*t - t - k = -16, -2*k = 10. What is the remainder when (-53)/(-4) + (-1)/4 is divided by t?
6
Let k = 69 - 30. What is the remainder when (3 - (9 + -2)) + k is divided by 18?
17
Suppose 18 = l - 0*l. Suppose -2*c + 3*p = -c + 2, -5*c + 4*p = -34. Calculate the remainder when l is divided by c.
8
Suppose 4*v + 4*h - 144 = 6*h, -2*v - 3*h = -64. Calculate the remainder when v is divided by 9.
8
Let s(h) = h**2 + 2*h - 4. What is the remainder when s(3) is divided by (-17)/(-4) + 2/(-8)?
3
Suppose -4*n - f - 2*f + 65 = 0, 5*n - 75 = -5*f. Suppose -2*z - p + 73 = 0, -z + 0*z + 5*p + n = 0. Calculate the remainder when z is divided by 9.
8
Let i(l) = 9*l. Let w(f) = 3*f. Let n(g) = 3*i(g) - 8*w(g). What is the remainder when 16 is divided by n(3)?
7
Let n(p) = p**2 + 12. Suppose -g + 5*g - 35 = -5*j, 14 = 2*j + 2*g. What is the remainder when n(0) is divided by j?
5
Suppose z + 3 = -4*r + 11, -z + 2*r + 2 = 0. Suppose -15 = -z*n + 33. What is the remainder when 4/3*(-429)/(-26) is divided by n?
10
Let k = 8 - 5. What is the remainder when 9 is divided by k?
0
Suppose 3*d + 44 - 173 = 0. Suppose 5*a - 46 = 9. Calculate the remainder when d is divided by a.
10
Suppose 4*c - 120 = 92. Calculate the remainder when c is divided by 14.
11
What is the remainder when 0/(2 + 1) + 15 is divided by (21 + -3)/3 + 2?
7
Let h = 52 - 37. What is the remainder when h is divided by 5?
0
Suppose 0 = -4*x + 24 + 20. What is the remainder when 20 is divided by x?
9
Suppose -14 = -2*q + 6. Let k(i) = -i**2 + 11*i - 2. Calculate the remainder when 30 is divided by k(q).
6
Let i = 30 - -10. Let o = i + -29. What is the remainder when 0 + -1 - o*-4 is divided by 11?
10
Suppose 3*s + 2*k - 4 = 0, -k - 2*k = -4*s + 28. Let h(c) = -4 + 8*c + 1 - 2. Calculate the remainder when h(s) is divided by 14.
13
Suppose h + 14 = 3*h. Suppose -5*w = 10, 2*w - h*w - 135 = -5*j. What is the remainder when 49 is divided by j?
24
Let j be (-4)/(-14) + (-288)/28. Suppose x = -x + 46. Let a = j + x. What is the remainder when 38 is divided by a?
12
Suppose t = -h + 13, h + 5*t + 15 = 6*h. Calculate the remainder when 21 is divided by h.
5
Let b be -2*(-1 - 0) - 0. Let s be -1*(-2)/6*0. Suppose u = -3*x - x + 17, s = -5*u - b*x + 49. What is the remainder when u is divided by 5?
4
Suppose 145 = -9*j + 4*j. Let i = -18 - j. Calculate the remainder when 32 is divided by i.
10
Let r(c) = -26*c**2 + 2. Let w be r(2). Let y = -71 - w. Calculate the remainder when y is divided by 11.
9
Suppose -u = 2*k + 3, 0 = -5*u + 2*k - k + 29. Suppose -u*q + 11 = -9. Calculate the remainder when 7 is divided by q.
3
Suppose -g - 2*g = -27. Let a(m) = m + 7. Let j be a(-7). What is the remainder when 23 is divided by g + 0 - (j - -1)?
7
Let f = -12 - -10. Let m(a) = -a**3 + 2*a**2 + 1. What is the remainder when 50 is divided by m(f)?
16
Let a = -11 + 54. Let r = a - -5. What is the remainder when r is divided by 17?
14
Let h = -39 + 59. Let z = h - 6. Calculate the remainder when 40 is divided by z.
12
Let g(v) = -v**2 + 23*v + 54. What is the remainder when 88 is divided by g(24)?
28
What is the remainder when 12 is divided by 3*(4/(-24)*4 + 3)?
5
Let g(x) be the third derivative of -x**6/120 - 7*x**5/60 - x**4/6 + x**3 - 2*x**2. Let y be g(-6). What is the remainder when 25 is divided by y/(2*1/(-3))?
7
Suppose 9*l - 253 = -2*l. What is the remainder when 84 is divided by l?
15
Let o = 130 + -71. Let m = o + 1. What is the remainder when m is divided by 21?
18
Suppose 5 - 4 = s + 5*w, 5*w + 103 = 3*s. Calculate the remainder when s is divided by 7.
5
Let k = -71 + 111. Let q(z) = z**3 - 2*z**2 - 2*z + 4. Let g be q(4). Suppose 3*r = r + g. What is the remainder when k is divided by r?
12
Let w(r) = 5*r - 7. What is the remainder when w(7) is divided by (-17 - -2)/((-3)/2)?
8
What is the remainder when (-1)/3 + 3762/27 is divided by 35?
34
Let j(p) = -2*p. Let a be j(-1). Calculate the remainder when 55/a + (-24)/(-16) is divided by 11.
7
Suppose -5*i = 5*n - 30, 1 = -4*n - 3. Calculate the remainder when 18 is divided by i.
4
Suppose -4*o + 17*o = 130. Calculate the remainder when 109 is divided by o.
9
Let m = 140 - 62. Suppose c - 1 = p - 31, -p - 4*c + 15 = 0. What is the remainder when m is divided by p?
24
Let t be ((-7)/14)/((-2)/(-4)). Let g = 5 + t. Suppose g = 2*b - b. What is the remainder when b is divided by 2?
0
Let p = -5 - -3. What is the remainder when 35 is divided by (4 - 2)/(p/(-12))?
11
Let r(v) = v**2 - 16*v - 17. Let w be r(17). Let z = w + 2. What is the remainder when (-